{"id":3095,"date":"2022-07-22T11:45:07","date_gmt":"2022-07-22T10:45:07","guid":{"rendered":"https:\/\/pignolsarts.wordpress.com\/?page_id=3095"},"modified":"2024-04-12T16:18:25","modified_gmt":"2024-04-12T14:18:25","slug":"edition-2022","status":"publish","type":"page","link":"https:\/\/pignolsarts.org\/index.php\/edition-2022\/","title":{"rendered":"L&rsquo;\u00e9dition 2022"},"content":{"rendered":"\n<p>Les Pignols&rsquo;Arts reviennent ! Et cette neuvi\u00e8me \u00e9dition s&rsquo;annonce sublime ! <\/p>\n\n\n\n<p><\/p>\n\n\n\n<p>Comme chaque ann\u00e9e, vous pourrez d\u00e9couvrir des artistes de tous les univers. <a rel=\"noreferrer noopener\" href=\"https:\/\/pignolsarts.org\/les-exposants-9\/\" target=\"_blank\">Plasticiens<\/a>, <a rel=\"noreferrer noopener\" href=\"https:\/\/pignolsarts.org\/les-spectacles-9\/\" target=\"_blank\">circassiens<\/a>, <a href=\"https:\/\/pignolsarts.org\/les-courts-metrages-9\/\" target=\"_blank\" rel=\"noreferrer noopener\">cin\u00e9astes<\/a>, <a rel=\"noreferrer noopener\" href=\"https:\/\/pignolsarts.org\/les-concerts-9\/\" target=\"_blank\">musiciens<\/a>&#8230; Bref, vous commencez \u00e0 conna\u00eetre la chanson, il y aura bien s\u00fbr des surprises ! <\/p>\n\n\n\n<p>Des food-trucks seront l\u00e0 pour satisfaire les gourmands et vous serez abreuv\u00e9s par nos amis de toujours de la brasserie L&rsquo;ensourceleuse !<\/p>\n\n\n\n<figure class=\"wp-block-image size-large\"><img decoding=\"async\" src=\"https:\/\/pignolsarts.files.wordpress.com\/2022\/03\/blk38907.jpg?w=1024\" alt=\"\" class=\"wp-image-2844\" \/><\/figure>\n\n\n\n<p><\/p>\n","protected":false},"excerpt":{"rendered":"<p>Les Pignols&rsquo;Arts reviennent ! Et cette neuvi\u00e8me \u00e9dition s&rsquo;annonce sublime ! Comme chaque ann\u00e9e, vous pourrez d\u00e9couvrir des artistes de tous les univers. Plasticiens, circassiens, cin\u00e9astes, musiciens&#8230; Bref, vous commencez \u00e0 conna\u00eetre la chanson, il y aura bien s\u00fbr des surprises ! Des food-trucks seront l\u00e0 pour satisfaire les gourmands et vous serez abreuv\u00e9s par [&hellip;]<\/p>\n","protected":false},"author":1,"featured_media":2785,"parent":0,"menu_order":0,"comment_status":"closed","ping_status":"closed","template":"","meta":{"ocean_post_layout":"","ocean_both_sidebars_style":"","ocean_both_sidebars_content_width":0,"ocean_both_sidebars_sidebars_width":0,"ocean_sidebar":"","ocean_second_sidebar":"","ocean_disable_margins":"enable","ocean_add_body_class":"","ocean_shortcode_before_top_bar":"","ocean_shortcode_after_top_bar":"","ocean_shortcode_before_header":"","ocean_shortcode_after_header":"","ocean_has_shortcode":"","ocean_shortcode_after_title":"","ocean_shortcode_before_footer_widgets":"","ocean_shortcode_after_footer_widgets":"","ocean_shortcode_before_footer_bottom":"","ocean_shortcode_after_footer_bottom":"","ocean_display_top_bar":"default","ocean_display_header":"default","ocean_header_style":"","ocean_center_header_left_menu":"","ocean_custom_header_template":"","ocean_custom_logo":0,"ocean_custom_retina_logo":0,"ocean_custom_logo_max_width":0,"ocean_custom_logo_tablet_max_width":0,"ocean_custom_logo_mobile_max_width":0,"ocean_custom_logo_max_height":0,"ocean_custom_logo_tablet_max_height":0,"ocean_custom_logo_mobile_max_height":0,"ocean_header_custom_menu":"","ocean_menu_typo_font_family":"","ocean_menu_typo_font_subset":"","ocean_menu_typo_font_size":0,"ocean_menu_typo_font_size_tablet":0,"ocean_menu_typo_font_size_mobile":0,"ocean_menu_typo_font_size_unit":"px","ocean_menu_typo_font_weight":"","ocean_menu_typo_font_weight_tablet":"","ocean_menu_typo_font_weight_mobile":"","ocean_menu_typo_transform":"","ocean_menu_typo_transform_tablet":"","ocean_menu_typo_transform_mobile":"","ocean_menu_typo_line_height":0,"ocean_menu_typo_line_height_tablet":0,"ocean_menu_typo_line_height_mobile":0,"ocean_menu_typo_line_height_unit":"","ocean_menu_typo_spacing":0,"ocean_menu_typo_spacing_tablet":0,"ocean_menu_typo_spacing_mobile":0,"ocean_menu_typo_spacing_unit":"","ocean_menu_link_color":"","ocean_menu_link_color_hover":"","ocean_menu_link_color_active":"","ocean_menu_link_background":"","ocean_menu_link_hover_background":"","ocean_menu_link_active_background":"","ocean_menu_social_links_bg":"","ocean_menu_social_hover_links_bg":"","ocean_menu_social_links_color":"","ocean_menu_social_hover_links_color":"","ocean_disable_title":"default","ocean_disable_heading":"default","ocean_post_title":"","ocean_post_subheading":"","ocean_post_title_style":"","ocean_post_title_background_color":"","ocean_post_title_background":0,"ocean_post_title_bg_image_position":"","ocean_post_title_bg_image_attachment":"","ocean_post_title_bg_image_repeat":"","ocean_post_title_bg_image_size":"","ocean_post_title_height":0,"ocean_post_title_bg_overlay":0.5,"ocean_post_title_bg_overlay_color":"","ocean_disable_breadcrumbs":"default","ocean_breadcrumbs_color":"","ocean_breadcrumbs_separator_color":"","ocean_breadcrumbs_links_color":"","ocean_breadcrumbs_links_hover_color":"","ocean_display_footer_widgets":"default","ocean_display_footer_bottom":"default","ocean_custom_footer_template":"","footnotes":""},"class_list":["post-3095","page","type-page","status-publish","has-post-thumbnail","hentry","entry","has-media"],"yoast_head":"<!-- This site is optimized with the Yoast SEO plugin v27.1.1 - https:\/\/yoast.com\/product\/yoast-seo-wordpress\/ -->\n<title>L&#039;\u00e9dition 2022 - Pignols&#039;Arts<\/title>\n<meta name=\"robots\" content=\"index, follow, max-snippet:-1, max-image-preview:large, max-video-preview:-1\" \/>\n<link rel=\"canonical\" href=\"https:\/\/pignolsarts.org\/index.php\/edition-2022\/\" \/>\n<meta property=\"og:locale\" content=\"fr_FR\" \/>\n<meta property=\"og:type\" content=\"article\" \/>\n<meta property=\"og:title\" content=\"L&#039;\u00e9dition 2022 - Pignols&#039;Arts\" \/>\n<meta property=\"og:description\" content=\"Les Pignols&rsquo;Arts reviennent ! Et cette neuvi\u00e8me \u00e9dition s&rsquo;annonce sublime ! Comme chaque ann\u00e9e, vous pourrez d\u00e9couvrir des artistes de tous les univers. Plasticiens, circassiens, cin\u00e9astes, musiciens&#8230; Bref, vous commencez \u00e0 conna\u00eetre la chanson, il y aura bien s\u00fbr des surprises ! Des food-trucks seront l\u00e0 pour satisfaire les gourmands et vous serez abreuv\u00e9s par [&hellip;]\" \/>\n<meta property=\"og:url\" content=\"https:\/\/pignolsarts.org\/index.php\/edition-2022\/\" \/>\n<meta property=\"og:site_name\" content=\"Pignols&#039;Arts\" \/>\n<meta property=\"article:publisher\" content=\"https:\/\/www.facebook.com\/profile.php?id=100057566585222\" \/>\n<meta property=\"article:modified_time\" content=\"2024-04-12T14:18:25+00:00\" \/>\n<meta name=\"twitter:card\" content=\"summary_large_image\" \/>\n<meta name=\"twitter:label1\" content=\"Dur\u00e9e de lecture estim\u00e9e\" \/>\n\t<meta name=\"twitter:data1\" content=\"1 minute\" \/>\n<script type=\"application\/ld+json\" class=\"yoast-schema-graph\">{\"@context\":\"https:\/\/schema.org\",\"@graph\":[{\"@type\":\"WebPage\",\"@id\":\"https:\/\/pignolsarts.org\/index.php\/edition-2022\/\",\"url\":\"https:\/\/pignolsarts.org\/index.php\/edition-2022\/\",\"name\":\"L'\u00e9dition 2022 - Pignols&#039;Arts\",\"isPartOf\":{\"@id\":\"https:\/\/pignolsarts.org\/#website\"},\"primaryImageOfPage\":{\"@id\":\"https:\/\/pignolsarts.org\/index.php\/edition-2022\/#primaryimage\"},\"image\":{\"@id\":\"https:\/\/pignolsarts.org\/index.php\/edition-2022\/#primaryimage\"},\"thumbnailUrl\":\"\",\"datePublished\":\"2022-07-22T10:45:07+00:00\",\"dateModified\":\"2024-04-12T14:18:25+00:00\",\"breadcrumb\":{\"@id\":\"https:\/\/pignolsarts.org\/index.php\/edition-2022\/#breadcrumb\"},\"inLanguage\":\"fr-FR\",\"potentialAction\":[{\"@type\":\"ReadAction\",\"target\":[\"https:\/\/pignolsarts.org\/index.php\/edition-2022\/\"]}]},{\"@type\":\"ImageObject\",\"inLanguage\":\"fr-FR\",\"@id\":\"https:\/\/pignolsarts.org\/index.php\/edition-2022\/#primaryimage\",\"url\":\"\",\"contentUrl\":\"\"},{\"@type\":\"BreadcrumbList\",\"@id\":\"https:\/\/pignolsarts.org\/index.php\/edition-2022\/#breadcrumb\",\"itemListElement\":[{\"@type\":\"ListItem\",\"position\":1,\"name\":\"Accueil\",\"item\":\"https:\/\/pignolsarts.org\/\"},{\"@type\":\"ListItem\",\"position\":2,\"name\":\"L&#8217;\u00e9dition 2022\"}]},{\"@type\":\"WebSite\",\"@id\":\"https:\/\/pignolsarts.org\/#website\",\"url\":\"https:\/\/pignolsarts.org\/\",\"name\":\"Pignols'Arts\",\"description\":\"Balade artistique\",\"potentialAction\":[{\"@type\":\"SearchAction\",\"target\":{\"@type\":\"EntryPoint\",\"urlTemplate\":\"https:\/\/pignolsarts.org\/?s={search_term_string}\"},\"query-input\":{\"@type\":\"PropertyValueSpecification\",\"valueRequired\":true,\"valueName\":\"search_term_string\"}}],\"inLanguage\":\"fr-FR\"}]}<\/script>\n<!-- \/ Yoast SEO plugin. -->","yoast_head_json":{"title":"L'\u00e9dition 2022 - Pignols&#039;Arts","robots":{"index":"index","follow":"follow","max-snippet":"max-snippet:-1","max-image-preview":"max-image-preview:large","max-video-preview":"max-video-preview:-1"},"canonical":"https:\/\/pignolsarts.org\/index.php\/edition-2022\/","og_locale":"fr_FR","og_type":"article","og_title":"L'\u00e9dition 2022 - Pignols&#039;Arts","og_description":"Les Pignols&rsquo;Arts reviennent ! Et cette neuvi\u00e8me \u00e9dition s&rsquo;annonce sublime ! Comme chaque ann\u00e9e, vous pourrez d\u00e9couvrir des artistes de tous les univers. Plasticiens, circassiens, cin\u00e9astes, musiciens&#8230; Bref, vous commencez \u00e0 conna\u00eetre la chanson, il y aura bien s\u00fbr des surprises ! Des food-trucks seront l\u00e0 pour satisfaire les gourmands et vous serez abreuv\u00e9s par [&hellip;]","og_url":"https:\/\/pignolsarts.org\/index.php\/edition-2022\/","og_site_name":"Pignols&#039;Arts","article_publisher":"https:\/\/www.facebook.com\/profile.php?id=100057566585222","article_modified_time":"2024-04-12T14:18:25+00:00","twitter_card":"summary_large_image","twitter_misc":{"Dur\u00e9e de lecture estim\u00e9e":"1 minute"},"schema":{"@context":"https:\/\/schema.org","@graph":[{"@type":"WebPage","@id":"https:\/\/pignolsarts.org\/index.php\/edition-2022\/","url":"https:\/\/pignolsarts.org\/index.php\/edition-2022\/","name":"L'\u00e9dition 2022 - Pignols&#039;Arts","isPartOf":{"@id":"https:\/\/pignolsarts.org\/#website"},"primaryImageOfPage":{"@id":"https:\/\/pignolsarts.org\/index.php\/edition-2022\/#primaryimage"},"image":{"@id":"https:\/\/pignolsarts.org\/index.php\/edition-2022\/#primaryimage"},"thumbnailUrl":"","datePublished":"2022-07-22T10:45:07+00:00","dateModified":"2024-04-12T14:18:25+00:00","breadcrumb":{"@id":"https:\/\/pignolsarts.org\/index.php\/edition-2022\/#breadcrumb"},"inLanguage":"fr-FR","potentialAction":[{"@type":"ReadAction","target":["https:\/\/pignolsarts.org\/index.php\/edition-2022\/"]}]},{"@type":"ImageObject","inLanguage":"fr-FR","@id":"https:\/\/pignolsarts.org\/index.php\/edition-2022\/#primaryimage","url":"","contentUrl":""},{"@type":"BreadcrumbList","@id":"https:\/\/pignolsarts.org\/index.php\/edition-2022\/#breadcrumb","itemListElement":[{"@type":"ListItem","position":1,"name":"Accueil","item":"https:\/\/pignolsarts.org\/"},{"@type":"ListItem","position":2,"name":"L&#8217;\u00e9dition 2022"}]},{"@type":"WebSite","@id":"https:\/\/pignolsarts.org\/#website","url":"https:\/\/pignolsarts.org\/","name":"Pignols'Arts","description":"Balade artistique","potentialAction":[{"@type":"SearchAction","target":{"@type":"EntryPoint","urlTemplate":"https:\/\/pignolsarts.org\/?s={search_term_string}"},"query-input":{"@type":"PropertyValueSpecification","valueRequired":true,"valueName":"search_term_string"}}],"inLanguage":"fr-FR"}]}},"_links":{"self":[{"href":"https:\/\/pignolsarts.org\/index.php\/wp-json\/wp\/v2\/pages\/3095","targetHints":{"allow":["GET"]}}],"collection":[{"href":"https:\/\/pignolsarts.org\/index.php\/wp-json\/wp\/v2\/pages"}],"about":[{"href":"https:\/\/pignolsarts.org\/index.php\/wp-json\/wp\/v2\/types\/page"}],"author":[{"embeddable":true,"href":"https:\/\/pignolsarts.org\/index.php\/wp-json\/wp\/v2\/users\/1"}],"replies":[{"embeddable":true,"href":"https:\/\/pignolsarts.org\/index.php\/wp-json\/wp\/v2\/comments?post=3095"}],"version-history":[{"count":0,"href":"https:\/\/pignolsarts.org\/index.php\/wp-json\/wp\/v2\/pages\/3095\/revisions"}],"wp:featuredmedia":[{"embeddable":true,"href":"https:\/\/pignolsarts.org\/index.php\/wp-json\/"}],"wp:attachment":[{"href":"https:\/\/pignolsarts.org\/index.php\/wp-json\/wp\/v2\/media?parent=3095"}],"curies":[{"name":"wp","href":"https:\/\/api.w.org\/{rel}","templated":true}]}}